 h, 0 = u - x*h - 162. Suppose 0*b - 6*b = -u. Calculate the remainder when 110 is divided by b.
26
Let o(y) = -7*y**2 + 2*y + 14. Let b be o(0). Let c(n) = 17*n - 215. What is the remainder when 135 is divided by c(b)?
20
Let a be (0 - -3) + 714/6*-2. Let f = a - -248. Let q(r) = r**3 + 5*r**2 + 4*r + 4. Calculate the remainder when f is divided by q(-4).
1
Let c = 285 + -30. Suppose -8*p = 9*p - c. Suppose 5*g = -t + 173 + 110, -3*g + 175 = -2*t. What is the remainder when g is divided by p?
12
Let c be ((-2)/(-4))/((-7)/(-56)). Suppose -5*k = -2*i + 4*i + 224, -c*i - 34 = k. Let f = -39 - k. What is the remainder when 48 is divided by f?
6
Let o(p) = -p**2 + 10*p - 5. Suppose -4*q + q + 15 = 0. Suppose -3703*w - 3939 = -4006*w. What is the remainder when o(q) is divided by w?
7
Let w = 164 - 119. Suppose f - 102 = -w. Calculate the remainder when f is divided by 23.
11
Let b(v) = -6*v**2 - 6*v + 4. Let z be b(1). What is the remainder when 157 is divided by 5 + 70 + z + 10?
3
Suppose -j = -2*r - 1, -10 = -4*j + 5*r - 3*r. Suppose -2*u = k - 60, -5*u + 46 = 3*k - 104. What is the remainder when u is divided by j?
0
What is the remainder when 2541 is divided by 4/22 + 6 + 59462/143?
9
Suppose -150*k - 90 = -4*a - 148*k, -2*k - 70 = -3*a. Calculate the remainder when 53 is divided by a.
13
Suppose 0 = 8*d - 67 + 99. Suppose 3*g - 14 = 91. What is the remainder when d/6*(-204 + 48) is divided by g?
34
Suppose 5*n + 280 - 1389 = -4*q, 2*n - q - 428 = 0. What is the remainder when 920 is divided by n?
52
Suppose 53 = l - 3*q, 5*l + 3*q = 9*l - 194. Calculate the remainder when 1832 is divided by l.
46
Let j(o) = o**2 - 171*o + 530. Calculate the remainder when 2727 is divided by j(3).
23
What is the remainder when 481 is divided by (10 + 25)/(2 - 1)?
26
Let o = 480525 - 480494. Calculate the remainder when 1 - (-1 - 164) - -1 is divided by o.
12
Suppose -4*j - p = -65, -5*j + 85 = 41*p - 36*p. Calculate the remainder when 3343 is divided by j.
15
Let s(b) = 3*b + 7 + 1 - 7 - b. Let y be s(2). Suppose -y*o + 0*o + 143 = 2*x, 252 = 3*x - 5*o. Calculate the remainder when x is divided by 27.
25
Suppose -17484 - 3036 + 2096 = 5*y - 103*y. Let z = 38 - 19. Calculate the remainder when y is divided by z.
17
Let d be 0 + (-332)/(12/(-3) - -2). Suppose -56 = 11*p - d. What is the remainder when 38 is divided by p?
8
Let s = 60 - 35. Suppose 0 = -50*f + 5*f + 270. What is the remainder when s is divided by f?
1
Suppose -2240*z = -2236*z + i - 4282, 0 = -5*z + 5*i + 5340. What is the remainder when z is divided by 4?
2
Let w = 3624 + -3620. What is the remainder when 101 is divided by w?
1
Suppose -1 = -2*f + 7, 2*f = 5*g - 1072. Let r be (g/15)/(118/(-40) - -3). Suppose 10*b + 88 - r = 0. Calculate the remainder when 56 is divided by b.
16
Suppose 5*i - 3*v - 465 = 0, 0 = -4*i - 12*v + 16*v + 380. Let m = 115 - i. Calculate the remainder when m is divided by (-10 + 4)*(-4)/3.
1
Suppose 0 = 2*s + 6, 0 = 10*w - s - 3423 - 490. Calculate the remainder when w is divided by 206.
185
Suppose 0 = -28155*x + 28151*x + 48. What is the remainder when 1833 is divided by x?
9
Suppose -2*h = 4, -61*h = b - 65*h - 119. Calculate the remainder when b is divided by 19.
16
Calculate the remainder when 867 is divided by ((0 - -124) + 0)*(-737)/(-2948).
30
Let u = 9 + -6. Calculate the remainder when (720/(-135) + 76/12)/(2/106) is divided by u.
2
Let f(k) = k**2 + k + 32. Let x(s) = s**3 - 3*s**2 + 3*s - 3. Let i be x(5). Calculate the remainder when f(0) is divided by (-138)/184 + i/8.
4
Suppose 2286 - 2388 = -k. What is the remainder when 2341 is divided by k?
97
Let k = 10587 - 10077. What is the remainder when k is divided by 147?
69
Suppose 28*v + 24 = 22*v. Calculate the remainder when (51/v)/(1/(-8)*2) is divided by 4.
3
Let c(o) = -o + 13. Let t(g) = 8*g**2 - g. Let m be t(1). Let s be c(m). Suppose 0 = -s*v + 171 - 21. Calculate the remainder when 99 is divided by v.
24
Suppose 0 = -0*u - 47*u + 14*u + 3663. What is the remainder when u is divided by 45?
21
Let v = -1021 + 1792. Suppose 0 = 2*w - 4*k - 166 - 148, -5*w = -3*k - v. What is the remainder when w is divided by 13?
10
Let t(j) = 4*j + 645. What is the remainder when 764 is divided by t(-150)?
44
Let d be 38*(-3 + -4)*21/14. Let s = 469 + d. What is the remainder when s is divided by 25?
20
Suppose 17*x + 2*t = 16*x + 232, -3*x + 2*t + 680 = 0. Calculate the remainder when x is divided by 148.
80
Suppose -132 = -8*y + 4*y. Calculate the remainder when 235 + -10 + 5 + 0/(-2) is divided by y.
32
Let m = 8337 + -8108. Calculate the remainder when m is divided by 122.
107
Suppose 3*b - 454 = -a, -b = 2776*a - 2771*a - 2228. Calculate the remainder when a is divided by 115.
100
Let u(l) = 2*l**3 + 3*l - 1. Let n be u(2). Let s = 884 + -847. Let m = s - n. What is the remainder when 44 is divided by m?
12
Let a = -124 - -97. Suppose -2*k - 5*y = 33, -2*k + 5*y - 8 + 5 = 0. Let u = k - a. What is the remainder when 71 is divided by u?
17
Let c = 5778 - 4536. What is the remainder when c is divided by 207?
0
Suppose 25013*p + 4743 = 25044*p. Calculate the remainder when p is divided by -3*(20/(-6) - 1).
10
Suppose 3*d + 42 = 146 + 31. What is the remainder when 69 is divided by d?
24
Suppose -304*k - 3609 = -349*k + 891. Calculate the remainder when 677 is divided by k.
77
Let x(z) = -z**3 - 5*z**2 + 15*z + 13. Let n = 45 - 37. Let l = n - 15. What is the remainder when x(l) is divided by 2?
0
Let x(f) = 2*f**2 - 158*f + 3. Calculate the remainder when x(80) is divided by 33.
31
Let w(x) = -1 - x - 6 - 2*x. Let c be w(-4). Suppose 0 = i + 5*k - 24, 2*i = c*k + 1 + 2. What is the remainder when 23 is divided by i?
5
Suppose -j - t + 58 = 0, -6*j + 2*t + 371 = 119. What is the remainder when j is divided by ((-8)/(-2))/2*5?
6
Let s be 465 + -71 + -2 + -1. Suppose -3*q = -s - 92. Calculate the remainder when q is divided by 41.
38
Let o(u) = 17*u**2 + 356*u - 714. Calculate the remainder when 14054 is divided by o(2).
62
Let n = -32 + 46. Suppose -4 + n = 5*s. Suppose i = -2*i - s*f + 10, -3*i = -f - 13. What is the remainder when 9 is divided by i?
1
Suppose -7*g + 5832 + 3408 = 0. Let o be (6/(-4))/((-45)/12)*g. Suppose 7*z - 3*z = o. What is the remainder when z is divided by 17?
13
Suppose -5*c + j = -6*c + 162, 578 = 4*c - 10*j. Calculate the remainder when 187 is divided by c.
30
Suppose -91*o + 36*o + 549 = -1651. What is the remainder when 2032 is divided by o?
32
Suppose 4*k = 2*k - 4*n + 908, -2*n - 2270 = -5*k. Let z = -4883 - -4921. Calculate the remainder when k is divided by z.
36
Suppose -11*p - 21*p = -1120. Let o = -17 - -2. Let f = o + 23. What is the remainder when p is divided by f?
3
Let i be (-1 + 27)*5/(-10). Let t(o) = -11*o - 13. Calculate the remainder when t(i) is divided by 12349/371 + (-2)/7.
31
Suppose 805 + 587 = 29*m. What is the remainder when 392 is divided by m?
8
Let c = 5879 - 5862. What is the remainder when 2903 is divided by c?
13
Suppose h + 0*h = i, -4*i - h - 10 = 0. Let m(s) = 28*s**2 + 22*s. Calculate the remainder when m(i) is divided by 37.
31
Suppose n - 4 - 9 = 0. Let w = -19 - -166. Let a = w - 70. What is the remainder when a is divided by n?
12
Let q = -2893 - -2902. Calculate the remainder when 421 is divided by q.
7
What is the remainder when ((-758)/(-8))/(18/8 - 2) - -6 is divided by 24?
1
Let v(a) = 2*a**2 + 4*a**2 - a**3 + 12*a**2 - 12*a - 5*a**2 + 10. Suppose 102 = 3*n + 51. Calculate the remainder when n is divided by v(12).
7
Let g = 41 + -25. Calculate the remainder when (-15834)/(-156)*(-8)/(-14) is divided by g.
10
Let t = -2283 - -3953. What is the remainder when t is divided by 41?
30
What is the remainder when 807 is divided by (1 - 0)*(-396)/(-36)*5?
37
Let k(y) = 877*y + 24. Calculate the remainder when k(1) is divided by 885.
16
Let f(s) be the first derivative of s**4/4 + 16*s**3/3 - 9*s**2 - 9*s - 16. Let j be f(-17). Let b = 1 + j. Calculate the remainder when 15 is divided by b.
6
Suppose -4*c + 330 = c. Let a = -19 - -19. Let o = a + 24. What is the remainder when c is divided by o?
18
Suppose 287 = 3*r + 4*a, 6*r - 8*r + 3*a + 163 = 0. Suppose -2*l = 59 - r. Let s(x) = -88*x + 2. Calculate the remainder when s(-2) is divided by l.
13
L